5 + 13 + -13 + 0 - -20
5
-1 + 2 + (-17 + 28 - 41) + 4
-25
Calculate -11 - (10 + (4 - (-6 - -4))).
-27
What is -4 + (0 - 6) + (-14 + 21 - 0)?
-3
Evaluate (3 - -9) + -2 - (0 + 4).
6
Calculate 4 - -2 - (-46 - -55).
-3
Calculate 15 - (15 - -17 - -10) - 7.
-34
What is (0 - -9) + (8 - -7 - 11) + -7?
6
Calculate -7 + 21 - 15 - -5.
4
What is the value of (-8 + -7 + 6 - -3) + 7 + 4?
5
Calculate -8 + (13 + -13 + 5 - (-1 - -1)).
-3
4 + ((6 - 16) + 5 + -22 - 6)
-29
What is the value of 0 - -18 - 9 - ((-7 - -5) + 16)?
-5
Evaluate (686 - 664) + (-1 + 0 - 8).
13
What is (-8 + (3 - -2) - -7) + -9?
-5
What is the value of 18 + -18 - 11 - 0?
-11
What is -1 + 0 + 1 - (45 + -38 + -9)?
2
Calculate 10 - (0 - -1 - (-13 + 12 + 2)).
10
What is (-31 + 16 - -2) + 0?
-13
What is the value of 37 - (55 + (-38 - 3))?
23
Evaluate -13 - ((-2 - 0) + -27).
16
(-4 - 8 - -4) + 1
-7
-1 + 4 + 7 + -1 + -4 + -25
-20
What is 1 + (-10 - (-16 + -7))?
14
-14 - -24 - (12 + -1 + 1 + -4)
2
12 + (2 + -2 - (23 + -22)) + 3
14
Calculate (-29 - (3 + -12)) + -3 + 7.
-16
What is (16 - 13) + -16 + 12?
-1
Calculate -71 + (-13 - -32) + 22.
-30
Calculate 27 + (9 - 26 - -3).
13
Evaluate (11 - (0 + 6)) + -1 + -7.
-3
Evaluate -5 + (35 + -3 - 1) + (-3 - 4).
19
What is 1 + 6 + (-61 - (31 + -63))?
-22
Evaluate 12 - 5 - 2 - (6 + -18 - -11).
6
20 - (-2 - 4) - (22 - 3 - 25)
32
What is the value of (-30 - -17) + 7 + (-2 - 2)?
-10
What is the value of -2 + -21 + -10 + (28 - 9)?
-14
What is 20 + -3 - (-112 + 153)?
-24
-14 - 0 - (-10 + (40 - 20) - 13)
-11
Calculate 67 + -54 + -1 + 0.
12
What is 32 + -4 + (-33 - -13)?
8
Evaluate -3 + 5 + (9 - 16) + (9 - -2).
6
Calculate -7 + -9 + (5 - (1 - 9 - 8)).
5
What is the value of -164 + 132 - (1 + -22)?
-11
(0 - (-9 + 6 + 2 + -5)) + 3
9
11 + -39 - (-9 + 0 + 2)
-21
Evaluate 6 - (1 + (-15 - -24) + -7).
3
What is the value of 4 - (20 - (21 - -13))?
18
What is -12 - -4 - (83 + -98)?
7
What is -2 + -26 - (-67 + 50)?
-11
What is 4 - ((13 + 0 - 2) + -13)?
6
What is the value of -7 - (16 - 8 - (19 - 2))?
2
Evaluate 2 - -10 - 6 - 10 - -3.
-1
What is the value of -16 + (-2 - -9) + (6 - (-3 + 20))?
-20
What is (16 - (43 - 11)) + 5 + -1 + 1?
-11
What is the value of -7 + 11 + (2 + 0 - (16 + -13))?
3
What is -2 - (-6 + 1) - (-7 + 4 + 0)?
6
Calculate -2 - (-21 - -16 - (-4 - 3)).
-4
Evaluate -7 + (-7 - (-18 + 7)).
-3
Evaluate 8 + 15 + (-6 - (10 + -15)).
22
What is the value of 0 + -4 + (-9 - 4 - -7)?
-10
-18 + 20 + 29 + -23
8
Calculate 1 - 6 - (-8 - -4) - (1 - -3).
-5
31 + (6 - 22) - -9
24
44 - 72 - (-51 - -35)
-12
Calculate -1 + 5 + -9 + (2 - -10) + 4.
11
Evaluate 3 + -11 + (0 - (-5 - (-1 - -2))).
-2
Evaluate 4 - -4 - 5 - (-7 - -26).
-16
Calculate -3 + (0 - 1 - 1) - 1.
-6
What is the value of (-21 - (8 + -12 + 7)) + 8?
-16
What is the value of -7 - -1 - (-18 - (8 + -14)) - 18?
-12
(-47 - (11 + -22)) + (16 - (10 - 3))
-27
Calculate 5 + -18 + (-3 - -5) + -2.
-13
What is the value of 4 + 4 + (-108 - -73)?
-27
Calculate 9 + (-9 - -5 - -8 - 10).
3
Calculate 1 - -3 - 9 - (-8 + 12).
-9
What is 5 + (-7 - 0 - ((4 - 10) + 0))?
4
-8 + -21 + -10 - -73
34
Evaluate (-1 - 2) + (-6 - 0).
-9
1 - 4 - (-21 - (-36 + 7 + -1))
-12
Evaluate 4 - (4 + -3 + -1 + 11 + -12).
5
What is (-7 + 9 - -6) + 22 + -14?
16
What is the value of -20 - (4 + 1 + (11 - (34 - 17)))?
-19
What is the value of -4 + (10 - 2) - 4 - (7 + -11)?
4
What is the value of -47 + (-24 - (-67 + 8))?
-12
What is the value of (8 - -9 - 41) + 17?
-7
Evaluate (40 - 1) + (-197 - -168).
10
What is 3 + -1 + -12 + 19?
9
What is -11 - ((9 - 3) + (-10 - 1)) - -4?
-2
Calculate -5 - 0 - (1 - (9 - -22 - 14)).
11
(-6 - -12 - (-2 + 1)) + 5
12
(6 - 10) + (54 - 59)
-9
17 - (-19 + (27 - 9))
18
What is the value of (2 - (0 - -18)) + (-946 - -983)?
21
Calculate 1 + 0 + 0 + (6 - (-3 - -22)).
-12
Calculate (-33 - -4) + (-3 - -21).
-11
What is the value of -33 + 41 - (-4 + 3 + 5)?
4
What is (13 - 0) + -31 + 19 + 8?
9
What is 12 + (29 - 39) - -13?
15
(-1 + -1 + -2 - -5) + -52 + 45
-6
19 + (-13 - (-16 - -26))
-4
What is the value of 32 + -28 - (3 - -2) - 1?
-2
-19 + (36 - 2) + -6
9
What is the value of -12 + (7 - (-8 - -10))?
-7
(3 - (-2 + 6 + -7 + -1)) + -26
-19
Calculate 60 + -41 + -20 + 0.
-1
What is the value of (-3 - -5 - 3) + (-12 + 7 - -7)?
1
Evaluate -3 + -2 + 0 + (21 - (6 - 10)).
20
What is the value of (-6156 - -6155) + (32 - (-1 + 2))?
30
What is 3 - (4 + 12) - (-11 - (7 - 13))?
-8
(-12 - (-6 + -31)) + -2 + -1 + 0
22
What is -12 + (-135 - -139 - (4 - -2))?
-14
Calculate 9 - 10 - (-16 + 31).
-16
Calculate 187 - 159 - (2 + -1 + 10).
17
Calculate -14 + (-13 + 8 - -15 - 14).
-18
What is (32 - 27) + 9 + 22?
36
What is -3 + 12 - (-16 - -31) - -26?
20
(79 + -78 - (-5 + 4)) + -17
-15
(-6 - 3) + (7 + -51 - -47)
-6
What is the value of 6 + (-5 + (13 - 4) - 2)?
8
Evaluate (-43 - (-4 + -28)) + (0 - 0) + -4.
-15
Calculate -8 + (0 - -16) + (83 - 91).
0
What is (1 - (51 + -34)) + -1 + 11?
-6
What is -1 - -1 - (10 + 0 - (-174 + 196))?
12
What is the value of -17 + 0 + -3 + (7 + -15 - -5)?
-23
What is 17 + -29 + 10 - -10?
8
What is the value of 5 - (13 - (-12 - -13) - 12)?
5
Calculate 11 - 0 - (15 + 0).
-4
Evaluate -6 + 4 + 0 + 28 + (55 - 47).
34
4 + -23 + (-3 - -17)
-5
-11 + 2 + 0 - (-12 - -37 - 45)
11
21 + -15 + 11 + -1 + 3
19
Calculate -4 - (12 + (-6 - 10 - -6)).
-6
What is the value of 36 + (14 - -1) + (43 - 51) - 11?
32
32 - (10 + -3 + 14)
11
Calculate -4 - -1 - -4 - -2 - (24 - 11).
-10
What is 1 + 1 + 1 + (0 - -2) + -5?
0
What is (20 - 5 - -16) + -28?
3
Calculate 18 - 6 - -2 - (5 + (-12 - -6)).
15
Calculate 0 + -18 + (-75 - -83) - -2.
-8
What is 4 + (28 - (-21 + 39))?
14
Evaluate -10 + (7 - (0 - (-2 - -2))).
-3
Calculate (11 + 9 - 14) + (4 - (2 + 15)).
-7
Evaluate (2 - 2 - 1) + -4 + 4.
-1
18 - (-4 + (-3 - -4) + 3)
18
14 + 0 - (-2 - 16 - (156 + -168))
20
What is the value of 1 - (-5 + 7) - 6?
-7
What is 84 + -87 - (-3 + (3 - (17 + -4)))?
10
Evaluate (4 - -1) + -1 - (167 + -166) - 1.
2
Evaluate (-6 - -18) + (-15 - -3).
0
13 + 0 + -6 + (19 - 11)
15
Evaluate -2 - (2 - (-5 - -6)).
-3
Evaluate (-21 - (-24 + 5)) + (1 + -4 - 1).
-6
What is 0 - (-27 + -11 + 27)?
11
Evaluate (71 - 78) + 14 + 0.
7
What is the value of 37 + (-5 - 27) - (44 + -1) - -8?
-30
Evaluate (1 + -8 - (16 - 18)) + -13.
-18
What is -7 - (9 - 15 - (-6 - 0)) - -5?
-2
What is (286 - 292) + 0 + (-2 - -22)?
14
(-111 - -144) + (-33 - -1)
1
Evaluate 6 - (12 - (6 - (-25 - -18))).
7
What is the value of (1 - -18) + 601 + -618?
2
Calculate (3 - 1) + -8 + 36 + 6.
36
Evaluate -3 + 4 + (4 - -2 - 4) + -9.
-6
Evaluate -62 + 77 - (2 + -2).
15
Evaluate -10 - (-16 - (-1 - (5 + -13))).
13
What is the value of (-8 - -11) + 19 + -15?
7
1 - 1 - (177 - 177)
0
0 + (4 - 7) + 45 + -41
1
What is the value of (-21 - -11) + 4 + (5 - -2)?
1
What is (8 - 0) + -8 + (24 - 24) - -22?
22
Evaluate -30 - (-9 - -4) - (19 - 10 - 11).
-23
-6 - (1 + 0 - (-44 + 32))
-19
What is -4 + 0 + (13 - (-2 - 11)) + -9?
13
Evaluate 22 + (15 - 32 - 8).
-3
What is the value of -26 - -34 - (-14 - (-1 - (-4 + 8)))?
17
Evaluate 0 - 1 - -9 - (-628 + 613).
23
What is 2 - -6 - (11 - -5)?
-8
What is 0 + 3 - (-38 + (52 - 26))?
15
0 + -17 + (2 - 4) + (542 - 538)
-15
Evaluate 16 - ((3 - (-4 - -3) - 4) + 5).
11
What is (-44 - 2) + 174 + -156?
-28
Evaluate -373 + 372 + (19 - 1).
17
What is the value of -5 + 28 + -17 + -15 + 6?
-3
Calculate 29 - (11 - (23 + -15)).
26
What is (-12 + 20 - 3) + 4 + 0?
9
Calculate (-4 - -1) + (17 - 7) + -5.
2
What is (-123 - -140) + -10 + 1 - (-8 - 5)?
21
Calculate -2 + 20 - (7 + -39 - -45).
5
Evaluate 2 + -10 + 12 + 0 + -11.
-7
Calculate -7 + -39 + -31 + 48.
-29
Calculate -9 + (2 - (5 - 21) - -22).
31
Calculate (-1 - 0) + (40 - 38 - 7).
-6
Evaluate -1 + -2 + (-124 - -121).
-6
Evaluate (-1 - -10 - (-69 + 74)) + 5.
9
What is the value of -4 + -7 + (-1 - -12)?
0
Calculate -12 + -2 + (35 - 32).
-11
10 + (18 - 7) + (-3 - -4 - 4)
18
What is 7 + (9 - ((0 - -1) + 6))?
9
Evaluate -20 - (14 + (13 - 4) + -32).
-11
What is 7 - (8 - (11 + 2 + -4))?
8
Calculate -5 + ((-10 - (-2 + 2)) + 8 - -10).
3
Evaluate (1 - 1) + 3 + 25 + (-29 - -19).
18
(6 - 4) + 0 + (-2 - 0)
0
Calculate -2 + (-8 - -18 - 14) - -19.
13
Calculate 6 + (0 + -7 - 11) + 4.
-8
What is the value of 18 + (-5 - 7) + -2?
4
-1 + 6 + 7 + -12 + 4
4
20 - (4 - (-5 - 5))
6
Evaluate (46 - 29) + 9 + 0 +